70 is divided by 146?
140
What is the remainder when 31 is divided by 6?
1
What is the remainder when 272 is divided by 134?
4
Calculate the remainder when 751 is divided by 12.
7
Calculate the remainder when 1854 is divided by 53.
52
Calculate the remainder when 95 is divided by 20.
15
What is the remainder when 225 is divided by 30?
15
Calculate the remainder when 2050 is divided by 172.
158
What is the remainder when 448 is divided by 105?
28
Calculate the remainder when 519 is divided by 18.
15
Calculate the remainder when 542 is divided by 5.
2
What is the remainder when 56 is divided by 12?
8
Calculate the remainder when 3627 is divided by 19.
17
What is the remainder when 17665 is divided by 39?
37
What is the remainder when 777 is divided by 5?
2
Calculate the remainder when 1216 is divided by 18.
10
Calculate the remainder when 175 is divided by 129.
46
Calculate the remainder when 430 is divided by 210.
10
What is the remainder when 78 is divided by 27?
24
Calculate the remainder when 712 is divided by 18.
10
Calculate the remainder when 4554 is divided by 30.
24
Calculate the remainder when 538 is divided by 176.
10
Calculate the remainder when 636 is divided by 116.
56
Calculate the remainder when 11 is divided by 4.
3
Calculate the remainder when 6854 is divided by 24.
14
Calculate the remainder when 177 is divided by 141.
36
Calculate the remainder when 1960 is divided by 3.
1
What is the remainder when 2163 is divided by 273?
252
Calculate the remainder when 174 is divided by 5.
4
Calculate the remainder when 226 is divided by 7.
2
What is the remainder when 305 is divided by 2?
1
Calculate the remainder when 177 is divided by 16.
1
What is the remainder when 7308 is divided by 85?
83
Calculate the remainder when 39 is divided by 37.
2
Calculate the remainder when 242 is divided by 8.
2
What is the remainder when 498 is divided by 13?
4
What is the remainder when 1043 is divided by 358?
327
What is the remainder when 722 is divided by 88?
18
Calculate the remainder when 414 is divided by 38.
34
What is the remainder when 9801 is divided by 490?
1
What is the remainder when 95 is divided by 7?
4
What is the remainder when 2309 is divided by 11?
10
Calculate the remainder when 715 is divided by 185.
160
What is the remainder when 44 is divided by 26?
18
Calculate the remainder when 962 is divided by 52.
26
Calculate the remainder when 326 is divided by 110.
106
Calculate the remainder when 2691 is divided by 671.
7
What is the remainder when 138 is divided by 51?
36
What is the remainder when 263 is divided by 74?
41
Calculate the remainder when 1118 is divided by 161.
152
Calculate the remainder when 485 is divided by 98.
93
Calculate the remainder when 63 is divided by 32.
31
Calculate the remainder when 562 is divided by 55.
12
Calculate the remainder when 748 is divided by 56.
20
What is the remainder when 1254 is divided by 51?
30
What is the remainder when 438 is divided by 125?
63
Calculate the remainder when 110 is divided by 26.
6
Calculate the remainder when 3087 is divided by 15.
12
What is the remainder when 154 is divided by 5?
4
What is the remainder when 640 is divided by 162?
154
Calculate the remainder when 148 is divided by 40.
28
What is the remainder when 464 is divided by 222?
20
What is the remainder when 1500 is divided by 1494?
6
Calculate the remainder when 38 is divided by 9.
2
What is the remainder when 1594 is divided by 418?
340
Calculate the remainder when 15267 is divided by 6.
3
Calculate the remainder when 270 is divided by 70.
60
Calculate the remainder when 239 is divided by 40.
39
Calculate the remainder when 110 is divided by 40.
30
Calculate the remainder when 669 is divided by 11.
9
What is the remainder when 605 is divided by 27?
11
What is the remainder when 1572 is divided by 132?
120
Calculate the remainder when 39 is divided by 7.
4
Calculate the remainder when 17 is divided by 6.
5
What is the remainder when 441 is divided by 27?
9
What is the remainder when 7422 is divided by 86?
26
What is the remainder when 1455 is divided by 26?
25
Calculate the remainder when 921 is divided by 62.
53
Calculate the remainder when 116 is divided by 94.
22
Calculate the remainder when 899 is divided by 325.
249
Calculate the remainder when 1497 is divided by 75.
72
Calculate the remainder when 411 is divided by 49.
19
Calculate the remainder when 2084 is divided by 1038.
8
Calculate the remainder when 5642 is divided by 8.
2
What is the remainder when 17343 is divided by 147?
144
What is the remainder when 713 is divided by 62?
31
What is the remainder when 681 is divided by 15?
6
What is the remainder when 143 is divided by 26?
13
Calculate the remainder when 97 is divided by 39.
19
What is the remainder when 12 is divided by 10?
2
Calculate the remainder when 53821 is divided by 32.
29
What is the remainder when 1173 is divided by 7?
4
What is the remainder when 337 is divided by 31?
27
What is the remainder when 340 is divided by 107?
19
Calculate the remainder when 66 is divided by 34.
32
What is the remainder when 2960 is divided by 13?
9
What is the remainder when 14634 is divided by 4878?
0
Calculate the remainder when 803 is divided by 40.
3
Calculate the remainder when 160 is divided by 55.
50
What is the remainder when 1426 is divided by 84?
82
Calculate the remainder when 577 is divided by 106.
47
Calculate the remainder when 319 is divided by 64.
63
Calculate the remainder when 210 is divided by 2.
0
What is the remainder when 538 is divided by 33?
10
What is the remainder when 101 is divided by 10?
1
Calculate the remainder when 99 is divided by 50.
49
Calculate the remainder when 71 is divided by 27.
17
Calculate the remainder when 83 is divided by 34.
15
Calculate the remainder when 1018 is divided by 171.
163
Calculate the remainder when 3549 is divided by 17.
13
What is the remainder when 124 is divided by 86?
38
What is the remainder when 27 is divided by 16?
11
What is the remainder when 71 is divided by 15?
11
Calculate the remainder when 850 is divided by 14.
10
What is the remainder when 2666 is divided by 297?
290
What is the remainder when 6600 is divided by 41?
40
What is the remainder when 9540 is divided by 3177?
9
Calculate the remainder when 66 is divided by 28.
10
What is the remainder when 125 is divided by 28?
13
What is the remainder when 852 is divided by 20?
12
What is the remainder when 677 is divided by 172?
161
What is the remainder when 21 is divided by 6?
3
What is the remainder when 759 is divided by 76?
75
Calculate the remainder when 5 is divided by 1.
0
What is the remainder when 245 is divided by 77?
14
What is the remainder when 945 is divided by 306?
27
Calculate the remainder when 424 is divided by 85.
84
What is the remainder when 684 is divided by 41?
28
Calculate the remainder when 304 is divided by 78.
70
Calculate the remainder when 256 is divided by 85.
1
Calculate the remainder when 156 is divided by 63.
30
What is the remainder when 1198 is divided by 250?
198
What is the remainder when 2125 is divided by 33?
13
What is the remainder when 271 is divided by 135?
1
Calculate the remainder when 240 is divided by 13.
6
What is the remainder when 1086 is divided by 17?
15
Calculate the remainder when 3112 is divided by 89.
86
What is the remainder when 3489 is divided by 37?
11
What is the remainder when 44768 is divided by 55?
53
What is the remainder when 33 is divided by 11?
0
What is the remainder when 97 is divided by 50?
47
Calculate the remainder when 221 is divided by 21.
11
Calculate the remainder when 232 is divided by 67.
31
What is the remainder when 101 is divided by 94?
7
Calculate the remainder when 369 is divided by 15.
9
What is the remainder when 1126 is divided by 367?
25
Calculate the remainder when 84 is divided by 64.
20
What is the remainder when 91 is divided by 46?
45
Calculate the remainder when 102 is divided by 67.
35
What is the remainder when 44 is divided by 20?
4
What is the remainder when 87 is divided by 8?
7
What is the remainder when 131 is divided by 59?
13
What is the remainder when 725 is divided by 19?
3
Calculate the remainder when 381 is divided by 22.
7
What is the remainder when 774 is divided by 83?
27